{"id":13,"date":"2021-06-01T19:11:02","date_gmt":"2021-06-01T19:11:02","guid":{"rendered":"https:\/\/chatarrasymetalesvillar.com\/?page_id=13"},"modified":"2025-09-20T07:52:33","modified_gmt":"2025-09-20T07:52:33","slug":"servicios","status":"publish","type":"page","link":"https:\/\/chatarrasymetalesvillar.com\/?page_id=13","title":{"rendered":"Servicios"},"content":{"rendered":"<p>[et_pb_section fb_built=\u00bb1&#8243; fullwidth=\u00bbon\u00bb admin_label=\u00bbPage Header\u00bb _builder_version=\u00bb4.16&#8243; background_image=\u00bbhttps:\/\/chatarrasymetalesvillar.com\/wp-content\/uploads\/2021\/06\/FONDOSERVICIOS.jpg\u00bb parallax=\u00bbon\u00bb global_colors_info=\u00bb{}\u00bb][et_pb_fullwidth_header title=\u00bbDescubre nuestros servicios\u00bb text_orientation=\u00bbcenter\u00bb admin_label=\u00bbHero Section\u00bb _builder_version=\u00bb4.27.4&#8243; title_font=\u00bbMontserrat|on|||\u00bb title_font_size=\u00bb50px\u00bb title_line_height=\u00bb1.4em\u00bb content_font_size=\u00bb22px\u00bb content_line_height=\u00bb1.8em\u00bb subhead_font=\u00bb||||\u00bb background_color=\u00bbrgba(255, 255, 255, 0)\u00bb use_background_color_gradient=\u00bbon\u00bb background_color_gradient_stops=\u00bb#000000 0%|rgba(0,0,0,0) 100%\u00bb background_color_gradient_start=\u00bbrgba(209,73,73,0.8)\u00bb background_color_gradient_end=\u00bbrgba(0,0,0,0)\u00bb custom_button_one=\u00bbon\u00bb button_one_text_size=\u00bb16px\u00bb button_one_bg_color=\u00bb#6eba01&#8243; button_one_border_width=\u00bb2px\u00bb button_one_border_color=\u00bb#6eba01&#8243; button_one_border_radius=\u00bb0&#8243; button_one_letter_spacing=\u00bb2&#8243; button_one_font=\u00bbMontserrat|||on|\u00bb button_one_use_icon=\u00bboff\u00bb custom_button_two=\u00bbon\u00bb button_two_text_size=\u00bb16px\u00bb button_two_border_width=\u00bb2px\u00bb button_two_border_color=\u00bb#ffffff\u00bb button_two_border_radius=\u00bb0&#8243; button_two_letter_spacing=\u00bb2&#8243; button_two_font=\u00bbMontserrat|||on|\u00bb button_two_use_icon=\u00bboff\u00bb module_alignment=\u00bbleft\u00bb min_height=\u00bb380px\u00bb custom_margin=\u00bb||2px|||\u00bb custom_padding=\u00bb116px||47px|||\u00bb animation_style=\u00bbfade\u00bb title_text_shadow_style=\u00bbpreset1&#8243; button_one_text_color_hover=\u00bb#6eba01&#8243; button_two_text_color_hover=\u00bb#6eba01&#8243; button_one_border_color_hover=\u00bb#ffffff\u00bb button_two_border_color_hover=\u00bb#ffffff\u00bb button_one_border_radius_hover=\u00bb0&#8243; button_two_border_radius_hover=\u00bb0&#8243; button_one_letter_spacing_hover=\u00bb2&#8243; button_two_letter_spacing_hover=\u00bb2&#8243; button_one_bg_color_hover=\u00bb#ffffff\u00bb button_two_bg_color_hover=\u00bb#ffffff\u00bb global_colors_info=\u00bb{}\u00bb button_one_text_size__hover_enabled=\u00bboff\u00bb button_two_text_size__hover_enabled=\u00bboff\u00bb button_one_text_color__hover_enabled=\u00bbon\u00bb button_one_text_color__hover=\u00bb#6eba01&#8243; button_two_text_color__hover_enabled=\u00bbon\u00bb button_two_text_color__hover=\u00bb#6eba01&#8243; button_one_border_width__hover_enabled=\u00bboff\u00bb button_two_border_width__hover_enabled=\u00bboff\u00bb button_one_border_color__hover_enabled=\u00bbon\u00bb button_one_border_color__hover=\u00bb#ffffff\u00bb button_two_border_color__hover_enabled=\u00bbon\u00bb button_two_border_color__hover=\u00bb#ffffff\u00bb button_one_border_radius__hover_enabled=\u00bbon\u00bb button_one_border_radius__hover=\u00bb0&#8243; button_two_border_radius__hover_enabled=\u00bbon\u00bb button_two_border_radius__hover=\u00bb0&#8243; button_one_letter_spacing__hover_enabled=\u00bbon\u00bb button_one_letter_spacing__hover=\u00bb2&#8243; button_two_letter_spacing__hover_enabled=\u00bbon\u00bb button_two_letter_spacing__hover=\u00bb2&#8243; button_one_bg_color__hover_enabled=\u00bbon\u00bb button_one_bg_color__hover=\u00bb#ffffff\u00bb button_two_bg_color__hover_enabled=\u00bbon\u00bb button_two_bg_color__hover=\u00bb#ffffff\u00bb][\/et_pb_fullwidth_header][\/et_pb_section][et_pb_section fb_built=\u00bb1&#8243; admin_label=\u00bbProjects\u00bb _builder_version=\u00bb4.16&#8243; min_height=\u00bb1074.2px\u00bb custom_padding=\u00bb1px||0px|||\u00bb global_colors_info=\u00bb{}\u00bb][et_pb_row _builder_version=\u00bb4.16&#8243; background_size=\u00bbinitial\u00bb background_position=\u00bbtop_left\u00bb background_repeat=\u00bbrepeat\u00bb custom_padding=\u00bb45px|0px|45px|0px\u00bb custom_width_px=\u00bb710px\u00bb global_colors_info=\u00bb{}\u00bb][et_pb_column type=\u00bb4_4&#8243; _builder_version=\u00bb4.16&#8243; background_position=\u00bbtop_left\u00bb custom_padding=\u00bb|||\u00bb global_colors_info=\u00bb{}\u00bb custom_padding__hover=\u00bb|||\u00bb][et_pb_text _builder_version=\u00bb4.27.4&#8243; _module_preset=\u00bbdefault\u00bb text_font_size=\u00bb16px\u00bb text_line_height=\u00bb1.8em\u00bb text_orientation=\u00bbcenter\u00bb global_colors_info=\u00bb{}\u00bb]<\/p>\n<div class=\"elementor-element elementor-element-f557ab2 elementor-widget elementor-widget-heading\" data-id=\"f557ab2\" data-element_type=\"widget\" data-widget_type=\"heading.default\">\n<div class=\"elementor-widget-container\">\n<p class=\"elementor-heading-title elementor-size-default\"><span style=\"color: #ff0000;\">Chatarras y Metales Villar<\/span><\/p>\n<p class=\"elementor-heading-title elementor-size-default\">\n<\/div>\n<\/div>\n<div class=\"elementor-element elementor-element-e65f4ac elementor-widget elementor-widget-heading\" data-id=\"e65f4ac\" data-element_type=\"widget\" data-widget_type=\"heading.default\">\n<div class=\"elementor-widget-container\">\n<h1 class=\"elementor-heading-title elementor-size-default\"><strong>Descubre nuestros Servicios<\/strong><\/h1>\n<\/div>\n<\/div>\n<div class=\"elementor-element elementor-element-176dc20 elementor-widget elementor-widget-text-editor\" data-id=\"176dc20\" data-element_type=\"widget\" data-widget_type=\"text-editor.default\">\n<div class=\"elementor-widget-container\">\n<div class=\"flex-shrink-0 flex flex-col relative items-end\">\n<div class=\"pt-0\">\n<div class=\"gizmo-bot-avatar flex h-8 w-8 items-center justify-center overflow-hidden rounded-full\">\n<div class=\"relative p-1 rounded-sm flex items-center justify-center bg-token-main-surface-primary text-token-text-primary h-8 w-8\">\n<div class=\"flex-shrink-0 flex flex-col relative items-end\">\n<div>\n<div class=\"pt-0\">\n<div class=\"gizmo-bot-avatar flex h-8 w-8 items-center justify-center overflow-hidden rounded-full\">\n<h3 class=\"relative p-1 rounded-sm flex items-center justify-center bg-token-main-surface-primary text-token-text-primary h-8 w-8\"><\/h3>\n<h4 class=\"relative p-1 rounded-sm flex items-center justify-center bg-token-main-surface-primary text-token-text-primary h-8 w-8\">Nuestros servicios de chatarrer\u00eda se realizan de manera limpia y sostenible, minimizando el impacto ambiental.<\/h4>\n<\/div>\n<\/div>\n<\/div>\n<\/div>\n<\/div>\n<\/div>\n<\/div>\n<\/div>\n<\/div>\n<\/div>\n<p>[\/et_pb_text][\/et_pb_column][\/et_pb_row][et_pb_row column_structure=\u00bb1_3,1_3,1_3&#8243; _builder_version=\u00bb4.27.4&#8243; _module_preset=\u00bbdefault\u00bb global_colors_info=\u00bb{}\u00bb][et_pb_column type=\u00bb1_3&#8243; _builder_version=\u00bb4.27.4&#8243; _module_preset=\u00bbdefault\u00bb global_colors_info=\u00bb{}\u00bb][et_pb_blurb title=\u00bbRecuperaci\u00f3n de Chatarras\u00bb image=\u00bbhttps:\/\/chatarrasymetalesvillar.com\/wp-content\/uploads\/2025\/09\/excavador.png\u00bb image_icon_width=\u00bb40%\u00bb _builder_version=\u00bb4.27.4&#8243; _module_preset=\u00bbdefault\u00bb header_font=\u00bb|700|||||||\u00bb header_font_size=\u00bb20px\u00bb body_font_size=\u00bb16px\u00bb body_line_height=\u00bb1.8em\u00bb text_orientation=\u00bbcenter\u00bb animation_style=\u00bbflip\u00bb link_option_url=\u00bbhttps:\/\/chatarrasymetalesvillar.com\/?page_id=374&#8243; global_colors_info=\u00bb{}\u00bb]<\/p>\n<p>Nos encargamos de la recogida de chatarra y todo tipo de residuos en Vizcaya<\/p>\n<p>&nbsp;<\/p>\n<h6><span style=\"color: #ff0000;\"><em>Pulsa para m\u00e1s informaci\u00f3n<\/em><\/span><\/h6>\n<p>[\/et_pb_blurb][\/et_pb_column][et_pb_column type=\u00bb1_3&#8243; _builder_version=\u00bb4.27.4&#8243; _module_preset=\u00bbdefault\u00bb global_colors_info=\u00bb{}\u00bb][et_pb_blurb title=\u00bbGesti\u00f3n de Residuos\u00bb image=\u00bbhttps:\/\/chatarrasymetalesvillar.com\/wp-content\/uploads\/2025\/09\/gestion-de-residuos.png\u00bb image_icon_width=\u00bb40%\u00bb _builder_version=\u00bb4.27.4&#8243; _module_preset=\u00bbdefault\u00bb header_font=\u00bb|700|||||||\u00bb header_font_size=\u00bb20px\u00bb body_font_size=\u00bb16px\u00bb body_line_height=\u00bb1.8em\u00bb text_orientation=\u00bbcenter\u00bb link_option_url=\u00bbhttps:\/\/chatarrasymetalesvillar.com\/?page_id=387&#8243; global_colors_info=\u00bb{}\u00bb]<\/p>\n<p>Nos dedicamos a la gesti\u00f3n integral de residuos.<\/p>\n<p>&nbsp;<\/p>\n<h6><span style=\"color: #ff0000;\"><em>Pulsa para m\u00e1s informaci\u00f3n<\/em><\/span><\/h6>\n<p>[\/et_pb_blurb][\/et_pb_column][et_pb_column type=\u00bb1_3&#8243; _builder_version=\u00bb4.27.4&#8243; _module_preset=\u00bbdefault\u00bb global_colors_info=\u00bb{}\u00bb][et_pb_blurb title=\u00bbRecogida de Metales\u00bb image=\u00bbhttps:\/\/chatarrasymetalesvillar.com\/wp-content\/uploads\/2025\/09\/metal.png\u00bb image_icon_width=\u00bb40%\u00bb _builder_version=\u00bb4.27.4&#8243; _module_preset=\u00bbdefault\u00bb header_font=\u00bb|700|||||||\u00bb header_font_size=\u00bb20px\u00bb body_font_size=\u00bb16px\u00bb body_line_height=\u00bb1.8em\u00bb text_orientation=\u00bbcenter\u00bb global_colors_info=\u00bb{}\u00bb]<\/p>\n<p>Recogida de metales al por menor y al por mayor en nuestras instalaciones.<\/p>\n<p>&nbsp;<\/p>\n<h6><span style=\"color: #ff0000;\"><em>Pulsa para m\u00e1s informaci\u00f3n<\/em><\/span><\/h6>\n<p>[\/et_pb_blurb][\/et_pb_column][\/et_pb_row][et_pb_row column_structure=\u00bb1_3,1_3,1_3&#8243; _builder_version=\u00bb4.27.4&#8243; _module_preset=\u00bbdefault\u00bb global_colors_info=\u00bb{}\u00bb][et_pb_column type=\u00bb1_3&#8243; _builder_version=\u00bb4.27.4&#8243; _module_preset=\u00bbdefault\u00bb global_colors_info=\u00bb{}\u00bb][et_pb_blurb title=\u00bbServicio de Contenedores\u00bb image=\u00bbhttps:\/\/chatarrasymetalesvillar.com\/wp-content\/uploads\/2025\/09\/cubo-de-la-basura.png\u00bb image_icon_width=\u00bb40%\u00bb _builder_version=\u00bb4.27.4&#8243; _module_preset=\u00bbdefault\u00bb header_font=\u00bb|700|||||||\u00bb header_font_size=\u00bb20px\u00bb body_font_size=\u00bb16px\u00bb body_line_height=\u00bb1.8em\u00bb text_orientation=\u00bbcenter\u00bb animation_style=\u00bbflip\u00bb link_option_url=\u00bbhttps:\/\/chatarrasymetalesvillar.com\/?page_id=412&#8243; global_colors_info=\u00bb{}\u00bb]<\/p>\n<p>Ofrecemos contenedores para la gesti\u00f3n de residuos, incluyendo chatarras y metales.<\/p>\n<p>&nbsp;<\/p>\n<h6><span style=\"color: #ff0000;\"><em>Pulsa para m\u00e1s informaci\u00f3n<\/em><\/span><\/h6>\n<p>[\/et_pb_blurb][\/et_pb_column][et_pb_column type=\u00bb1_3&#8243; _builder_version=\u00bb4.27.4&#8243; _module_preset=\u00bbdefault\u00bb global_colors_info=\u00bb{}\u00bb][et_pb_blurb title=\u00bbDemoliciones y Derribos\u00bb url=\u00bbhttps:\/\/chatarrasymetalesvillar.com\/?page_id=426&#8243; image=\u00bbhttps:\/\/chatarrasymetalesvillar.com\/wp-content\/uploads\/2025\/09\/excavador-1.png\u00bb image_icon_width=\u00bb40%\u00bb _builder_version=\u00bb4.27.4&#8243; _module_preset=\u00bbdefault\u00bb header_font=\u00bb|700|||||||\u00bb header_font_size=\u00bb20px\u00bb body_font_size=\u00bb16px\u00bb body_line_height=\u00bb1.8em\u00bb text_orientation=\u00bbcenter\u00bb link_option_url=\u00bbhttps:\/\/chatarrasymetalesvillar.com\/?page_id=426&#8243; global_colors_info=\u00bb{}\u00bb]<\/p>\n<p>Desguace de estructuras met\u00e1licas y desmontajes industriales, con gesti\u00f3n integral de los residuos generados.<\/p>\n<p>&nbsp;<\/p>\n<h6><span style=\"color: #ff0000;\"><em>Pulsa para m\u00e1s informaci\u00f3n<\/em><\/span><\/h6>\n<p>[\/et_pb_blurb][\/et_pb_column][et_pb_column type=\u00bb1_3&#8243; _builder_version=\u00bb4.27.4&#8243; _module_preset=\u00bbdefault\u00bb global_colors_info=\u00bb{}\u00bb][et_pb_blurb title=\u00bbBater\u00edas\u00bb image=\u00bbhttps:\/\/chatarrasymetalesvillar.com\/wp-content\/uploads\/2025\/09\/acumulador.png\u00bb image_icon_width=\u00bb40%\u00bb _builder_version=\u00bb4.27.4&#8243; _module_preset=\u00bbdefault\u00bb header_font=\u00bb|700|||||||\u00bb header_font_size=\u00bb20px\u00bb body_font_size=\u00bb16px\u00bb body_line_height=\u00bb1.8em\u00bb text_orientation=\u00bbcenter\u00bb hover_enabled=\u00bb0&#8243; global_colors_info=\u00bb{}\u00bb link_option_url=\u00bbhttps:\/\/chatarrasymetalesvillar.com\/?page_id=447&#8243; sticky_enabled=\u00bb0&#8243;]<\/p>\n<p>Somos una empresa autorizada para la recogida de bater\u00edas y la gesti\u00f3n de residuos peligrosos.<\/p>\n<p>&nbsp;<\/p>\n<h6><span style=\"color: #ff0000;\"><em>Pulsa para m\u00e1s informaci\u00f3n<\/em><\/span><\/h6>\n<p>[\/et_pb_blurb][\/et_pb_column][\/et_pb_row][et_pb_row _builder_version=\u00bb4.16&#8243; _module_preset=\u00bbdefault\u00bb custom_margin=\u00bb-2px|auto||auto||\u00bb custom_padding=\u00bb0px|||||\u00bb global_colors_info=\u00bb{}\u00bb][et_pb_column type=\u00bb4_4&#8243; _builder_version=\u00bb4.16&#8243; _module_preset=\u00bbdefault\u00bb global_colors_info=\u00bb{}\u00bb][et_pb_text _builder_version=\u00bb4.16&#8243; _module_preset=\u00bbdefault\u00bb global_colors_info=\u00bb{}\u00bb]<\/p>\n<p style=\"text-align: justify;\">Todos los residuos, los clasificamos en funci\u00f3n de su tipo y con el fin de poder ser tratados de diferentes maneras. El hecho de reciclarlos favorece al cuidado del medioambiente, ya que todos ellos van a parar a vertederos y su cantidad es realmente enorme. De ah\u00ed que su reciclaje sea algo indispensable.<\/p>\n<p>[\/et_pb_text][\/et_pb_column][\/et_pb_row][\/et_pb_section]<\/p>\n","protected":false},"excerpt":{"rendered":"<p>Chatarras y Metales Villar Descubre nuestros Servicios Nuestros servicios de chatarrer\u00eda se realizan de manera limpia y sostenible, minimizando el impacto ambiental. Nos encargamos de la recogida de chatarra y todo tipo de residuos en Vizcaya &nbsp; Pulsa para m\u00e1s informaci\u00f3nNos dedicamos a la gesti\u00f3n integral de residuos. &nbsp; Pulsa para m\u00e1s informaci\u00f3nRecogida de metales [&hellip;]<\/p>\n","protected":false},"author":1,"featured_media":0,"parent":0,"menu_order":0,"comment_status":"closed","ping_status":"closed","template":"","meta":{"_et_pb_use_builder":"on","_et_pb_old_content":"<!-- wp:divi\/placeholder \/-->","_et_gb_content_width":"","footnotes":""},"class_list":["post-13","page","type-page","status-publish","hentry"],"yoast_head":"<!-- This site is optimized with the Yoast SEO plugin v27.5 - https:\/\/yoast.com\/product\/yoast-seo-wordpress\/ -->\n<title>Servicios - Chatarras y Metales Villar<\/title>\n<meta name=\"description\" content=\"Adem\u00e1s de la recepci\u00f3n en nuestras instalaciones de materiales que nos trae el cliente tambi\u00e9n recogemos en las instalaciones del cliente.\" \/>\n<meta name=\"robots\" content=\"index, follow, max-snippet:-1, max-image-preview:large, max-video-preview:-1\" \/>\n<link rel=\"canonical\" href=\"https:\/\/chatarrasymetalesvillar.com\/?page_id=13\" \/>\n<meta property=\"og:locale\" content=\"es_ES\" \/>\n<meta property=\"og:type\" content=\"article\" \/>\n<meta property=\"og:title\" content=\"Servicios - Chatarras y Metales Villar\" \/>\n<meta property=\"og:description\" content=\"Adem\u00e1s de la recepci\u00f3n en nuestras instalaciones de materiales que nos trae el cliente tambi\u00e9n recogemos en las instalaciones del cliente.\" \/>\n<meta property=\"og:url\" content=\"https:\/\/chatarrasymetalesvillar.com\/?page_id=13\" \/>\n<meta property=\"og:site_name\" content=\"Chatarras y Metales Villar\" \/>\n<meta property=\"article:publisher\" content=\"https:\/\/www.facebook.com\/pages\/category\/Recycling-Center\/Chatarras-y-Metales-Villar-107516508176684\/\" \/>\n<meta property=\"article:modified_time\" content=\"2025-09-20T07:52:33+00:00\" \/>\n<meta name=\"twitter:card\" content=\"summary_large_image\" \/>\n<meta name=\"twitter:label1\" content=\"Tiempo de lectura\" \/>\n\t<meta name=\"twitter:data1\" content=\"4 minutos\" \/>\n<script type=\"application\/ld+json\" class=\"yoast-schema-graph\">{\"@context\":\"https:\\\/\\\/schema.org\",\"@graph\":[{\"@type\":\"WebPage\",\"@id\":\"https:\\\/\\\/chatarrasymetalesvillar.com\\\/?page_id=13\",\"url\":\"https:\\\/\\\/chatarrasymetalesvillar.com\\\/?page_id=13\",\"name\":\"Servicios - Chatarras y Metales Villar\",\"isPartOf\":{\"@id\":\"https:\\\/\\\/chatarrasymetalesvillar.com\\\/#website\"},\"datePublished\":\"2021-06-01T19:11:02+00:00\",\"dateModified\":\"2025-09-20T07:52:33+00:00\",\"description\":\"Adem\u00e1s de la recepci\u00f3n en nuestras instalaciones de materiales que nos trae el cliente tambi\u00e9n recogemos en las instalaciones del cliente.\",\"breadcrumb\":{\"@id\":\"https:\\\/\\\/chatarrasymetalesvillar.com\\\/?page_id=13#breadcrumb\"},\"inLanguage\":\"es\",\"potentialAction\":[{\"@type\":\"ReadAction\",\"target\":[\"https:\\\/\\\/chatarrasymetalesvillar.com\\\/?page_id=13\"]}]},{\"@type\":\"BreadcrumbList\",\"@id\":\"https:\\\/\\\/chatarrasymetalesvillar.com\\\/?page_id=13#breadcrumb\",\"itemListElement\":[{\"@type\":\"ListItem\",\"position\":1,\"name\":\"Portada\",\"item\":\"https:\\\/\\\/chatarrasymetalesvillar.com\\\/\"},{\"@type\":\"ListItem\",\"position\":2,\"name\":\"Servicios\"}]},{\"@type\":\"WebSite\",\"@id\":\"https:\\\/\\\/chatarrasymetalesvillar.com\\\/#website\",\"url\":\"https:\\\/\\\/chatarrasymetalesvillar.com\\\/\",\"name\":\"Chatarras y Metales Villar\",\"description\":\"Chatarras y Metales Villar\",\"publisher\":{\"@id\":\"https:\\\/\\\/chatarrasymetalesvillar.com\\\/#organization\"},\"potentialAction\":[{\"@type\":\"SearchAction\",\"target\":{\"@type\":\"EntryPoint\",\"urlTemplate\":\"https:\\\/\\\/chatarrasymetalesvillar.com\\\/?s={search_term_string}\"},\"query-input\":{\"@type\":\"PropertyValueSpecification\",\"valueRequired\":true,\"valueName\":\"search_term_string\"}}],\"inLanguage\":\"es\"},{\"@type\":\"Organization\",\"@id\":\"https:\\\/\\\/chatarrasymetalesvillar.com\\\/#organization\",\"name\":\"Chatarras y Metales Villar\",\"url\":\"https:\\\/\\\/chatarrasymetalesvillar.com\\\/\",\"logo\":{\"@type\":\"ImageObject\",\"inLanguage\":\"es\",\"@id\":\"https:\\\/\\\/chatarrasymetalesvillar.com\\\/#\\\/schema\\\/logo\\\/image\\\/\",\"url\":\"https:\\\/\\\/chatarrasymetalesvillar.com\\\/wp-content\\\/uploads\\\/2021\\\/06\\\/cropped-iconoweb.png\",\"contentUrl\":\"https:\\\/\\\/chatarrasymetalesvillar.com\\\/wp-content\\\/uploads\\\/2021\\\/06\\\/cropped-iconoweb.png\",\"width\":512,\"height\":512,\"caption\":\"Chatarras y Metales Villar\"},\"image\":{\"@id\":\"https:\\\/\\\/chatarrasymetalesvillar.com\\\/#\\\/schema\\\/logo\\\/image\\\/\"},\"sameAs\":[\"https:\\\/\\\/www.facebook.com\\\/pages\\\/category\\\/Recycling-Center\\\/Chatarras-y-Metales-Villar-107516508176684\\\/\",\"https:\\\/\\\/www.instagram.com\\\/chatarras_y_metales_villar_s.l\\\/?hl=es\"]}]}<\/script>\n<!-- \/ Yoast SEO plugin. -->","yoast_head_json":{"title":"Servicios - Chatarras y Metales Villar","description":"Adem\u00e1s de la recepci\u00f3n en nuestras instalaciones de materiales que nos trae el cliente tambi\u00e9n recogemos en las instalaciones del cliente.","robots":{"index":"index","follow":"follow","max-snippet":"max-snippet:-1","max-image-preview":"max-image-preview:large","max-video-preview":"max-video-preview:-1"},"canonical":"https:\/\/chatarrasymetalesvillar.com\/?page_id=13","og_locale":"es_ES","og_type":"article","og_title":"Servicios - Chatarras y Metales Villar","og_description":"Adem\u00e1s de la recepci\u00f3n en nuestras instalaciones de materiales que nos trae el cliente tambi\u00e9n recogemos en las instalaciones del cliente.","og_url":"https:\/\/chatarrasymetalesvillar.com\/?page_id=13","og_site_name":"Chatarras y Metales Villar","article_publisher":"https:\/\/www.facebook.com\/pages\/category\/Recycling-Center\/Chatarras-y-Metales-Villar-107516508176684\/","article_modified_time":"2025-09-20T07:52:33+00:00","twitter_card":"summary_large_image","twitter_misc":{"Tiempo de lectura":"4 minutos"},"schema":{"@context":"https:\/\/schema.org","@graph":[{"@type":"WebPage","@id":"https:\/\/chatarrasymetalesvillar.com\/?page_id=13","url":"https:\/\/chatarrasymetalesvillar.com\/?page_id=13","name":"Servicios - Chatarras y Metales Villar","isPartOf":{"@id":"https:\/\/chatarrasymetalesvillar.com\/#website"},"datePublished":"2021-06-01T19:11:02+00:00","dateModified":"2025-09-20T07:52:33+00:00","description":"Adem\u00e1s de la recepci\u00f3n en nuestras instalaciones de materiales que nos trae el cliente tambi\u00e9n recogemos en las instalaciones del cliente.","breadcrumb":{"@id":"https:\/\/chatarrasymetalesvillar.com\/?page_id=13#breadcrumb"},"inLanguage":"es","potentialAction":[{"@type":"ReadAction","target":["https:\/\/chatarrasymetalesvillar.com\/?page_id=13"]}]},{"@type":"BreadcrumbList","@id":"https:\/\/chatarrasymetalesvillar.com\/?page_id=13#breadcrumb","itemListElement":[{"@type":"ListItem","position":1,"name":"Portada","item":"https:\/\/chatarrasymetalesvillar.com\/"},{"@type":"ListItem","position":2,"name":"Servicios"}]},{"@type":"WebSite","@id":"https:\/\/chatarrasymetalesvillar.com\/#website","url":"https:\/\/chatarrasymetalesvillar.com\/","name":"Chatarras y Metales Villar","description":"Chatarras y Metales Villar","publisher":{"@id":"https:\/\/chatarrasymetalesvillar.com\/#organization"},"potentialAction":[{"@type":"SearchAction","target":{"@type":"EntryPoint","urlTemplate":"https:\/\/chatarrasymetalesvillar.com\/?s={search_term_string}"},"query-input":{"@type":"PropertyValueSpecification","valueRequired":true,"valueName":"search_term_string"}}],"inLanguage":"es"},{"@type":"Organization","@id":"https:\/\/chatarrasymetalesvillar.com\/#organization","name":"Chatarras y Metales Villar","url":"https:\/\/chatarrasymetalesvillar.com\/","logo":{"@type":"ImageObject","inLanguage":"es","@id":"https:\/\/chatarrasymetalesvillar.com\/#\/schema\/logo\/image\/","url":"https:\/\/chatarrasymetalesvillar.com\/wp-content\/uploads\/2021\/06\/cropped-iconoweb.png","contentUrl":"https:\/\/chatarrasymetalesvillar.com\/wp-content\/uploads\/2021\/06\/cropped-iconoweb.png","width":512,"height":512,"caption":"Chatarras y Metales Villar"},"image":{"@id":"https:\/\/chatarrasymetalesvillar.com\/#\/schema\/logo\/image\/"},"sameAs":["https:\/\/www.facebook.com\/pages\/category\/Recycling-Center\/Chatarras-y-Metales-Villar-107516508176684\/","https:\/\/www.instagram.com\/chatarras_y_metales_villar_s.l\/?hl=es"]}]}},"_links":{"self":[{"href":"https:\/\/chatarrasymetalesvillar.com\/index.php?rest_route=\/wp\/v2\/pages\/13","targetHints":{"allow":["GET"]}}],"collection":[{"href":"https:\/\/chatarrasymetalesvillar.com\/index.php?rest_route=\/wp\/v2\/pages"}],"about":[{"href":"https:\/\/chatarrasymetalesvillar.com\/index.php?rest_route=\/wp\/v2\/types\/page"}],"author":[{"embeddable":true,"href":"https:\/\/chatarrasymetalesvillar.com\/index.php?rest_route=\/wp\/v2\/users\/1"}],"replies":[{"embeddable":true,"href":"https:\/\/chatarrasymetalesvillar.com\/index.php?rest_route=%2Fwp%2Fv2%2Fcomments&post=13"}],"version-history":[{"count":21,"href":"https:\/\/chatarrasymetalesvillar.com\/index.php?rest_route=\/wp\/v2\/pages\/13\/revisions"}],"predecessor-version":[{"id":458,"href":"https:\/\/chatarrasymetalesvillar.com\/index.php?rest_route=\/wp\/v2\/pages\/13\/revisions\/458"}],"wp:attachment":[{"href":"https:\/\/chatarrasymetalesvillar.com\/index.php?rest_route=%2Fwp%2Fv2%2Fmedia&parent=13"}],"curies":[{"name":"wp","href":"https:\/\/api.w.org\/{rel}","templated":true}]}}